y**3 + 2*y**2 + 4*y - 3. Let c be m(3). Suppose c = -g + 2. Let n be 1 + 0 + (6 - 1). What is the highest common factor of g and n?
2
Let z be 1 + 4/2 - 1. Calculate the highest common divisor of 8 and z.
2
Suppose 0 = 4*j - 103 + 31. What is the highest common divisor of j and 162?
18
Suppose -5*c = 4*m - 37, 0 = -0*m + m - 3*c - 22. Suppose -25 - 14 = -3*l. Calculate the greatest common divisor of l and m.
13
Let q = 2 - 21. Let w be (7 + q)/(2/(-3)). Calculate the highest common factor of 6 and w.
6
Let n = -1 + 1. Suppose -2*q + n = -60. Let t(g) = 4*g + 4. Let s be t(4). What is the highest common divisor of s and q?
10
Let q be 3 + -2 - 0 - -3. Suppose -a - 12 = -q*a. Calculate the greatest common divisor of a and 10.
2
Let h(s) = s**3 - 5*s**2 + 2*s - 1. Let b be h(5). Calculate the greatest common divisor of 45 and b.
9
Suppose -2*o + 2*z = 6*z - 18, -5*o - 3*z + 73 = 0. Calculate the greatest common divisor of 85 and o.
17
Suppose 5*p + 4*i - 1259 = 0, -4*i = 4*p - 3*i - 1016. What is the highest common factor of 15 and p?
15
Let n(c) = 2*c**2 + 9*c + 4. Let s be n(-6). Calculate the highest common divisor of s and 22.
22
Suppose -l + 0*l + 22 = 0. What is the greatest common divisor of l and 154?
22
Suppose 5*p = -2*v + 35, -p - v = -3 - 1. What is the greatest common divisor of p and 63?
9
Suppose -6*a + 50 + 34 = 0. Calculate the greatest common factor of 126 and a.
14
Suppose -5*j + 27 = -108. Let k be j/6 - (-2)/(-4). Calculate the greatest common divisor of 24 and k.
4
Let o = 12 + 24. Calculate the greatest common factor of o and 9.
9
Let j(g) = 9*g**2 + 3*g - 2. Let u = -2 + 2. Let d = -3 + u. Let o be j(d). Calculate the highest common divisor of 14 and o.
14
Suppose -2*k - 40 = -3*k. Suppose -6*i + i - 40 = 0. Let y = i - -13. What is the highest common divisor of k and y?
5
Suppose 3*z + 44 = 236. Calculate the highest common divisor of 8 and z.
8
Let c(k) be the first derivative of -3*k**2 - 12*k - 1. Let a be c(-6). What is the highest common factor of 3 and a?
3
Suppose -3*m = -7*m. Suppose i = -p + 5 - m, 4*i + 2*p - 20 = 0. Let v(n) = 19*n**3 + n**2. Let s be v(1). What is the highest common factor of s and i?
5
Suppose 83 + 27 = 5*j. Suppose 4*q + 165 = 7*q. Calculate the greatest common divisor of q and j.
11
Suppose -2*c = -0 - 14. Suppose -2*y - 20 = -c*y. Calculate the highest common factor of y and 36.
4
Let m = 19 - 7. Suppose 1 = -3*k + 7. Suppose -2*r - 24 = -g, 3*r + k*r = -g + 3. Calculate the highest common divisor of g and m.
6
Suppose 4*b - x + 0*x = 91, -5*x = 2*b - 29. Calculate the highest common factor of 176 and b.
22
Let k(s) = s**3 - 6*s**2 - 6*s + 6. Suppose -3*v - v = 4. Let w be (v - -3)/(16/56). Let n be k(w). What is the highest common factor of n and 26?
13
Suppose -8 - 14 = -2*o. What is the greatest common factor of 121 and o?
11
Let w be (-28 - -4)*(-4 + 3). What is the highest common factor of 8 and w?
8
Let g(c) be the second derivative of c**3/3 + c**2 + c. Let p be g(6). Calculate the greatest common divisor of 56 and p.
14
Let t(v) = -v + 9. Let y be t(7). Suppose -20 = -0*k - y*k. Let o = 123 + -13. What is the greatest common factor of k and o?
10
Let j(s) = -2 + 6 - 15*s + 16*s. Let v be j(12). What is the highest common divisor of 80 and v?
16
Let m = 1 + -1. Suppose m*p = 3*p - 54. Suppose 7*n + 0*n = 42. Calculate the greatest common divisor of p and n.
6
Suppose 194 = -4*s + 6*s. Suppose -5*w = -3*c - 75 - 0, -4*w + s = 5*c. Let f be 3*-2*(-6)/4. What is the greatest common factor of f and w?
9
Suppose 2*j + 10 = 0, -4*d - 2*j + 10 = -4*j. Suppose d*v = -2*v + 240. What is the highest common factor of v and 15?
15
Suppose -3 = -o - 2*o. Let z be o/(-1) + 32/2. Let b = -176 + 221. Calculate the greatest common divisor of b and z.
15
Let k be 3/1*30/9. Let w = k + -5. Calculate the highest common divisor of 2 and w.
1
Let b be 0 + (-3)/3*-2. Let t(f) = -7*f - 1. Let y be t(b). Let j be (y/(-6))/(2/72). What is the greatest common factor of j and 10?
10
Let v = 9 + -7. Suppose v*s = -0*s + 18. What is the highest common factor of s and 27?
9
Suppose g = 6*g - 885. Suppose -2*x + x + 4*l + g = 0, -5*l = 15. Calculate the highest common factor of 15 and x.
15
Let y = -30 + 43. Let o(s) = 7*s + 1. Let v be o(-2). Let f = 0 - v. Calculate the highest common factor of f and y.
13
Suppose -w + 2*f - f = -26, 0 = 3*w - f - 80. Calculate the greatest common divisor of 27 and w.
27
Let b be -1 + (24/(-2))/(-1). Let m = 127 - 83. What is the greatest common factor of m and b?
11
Let p(r) = 3*r**2 + 4*r - 1. Let a be p(3). Calculate the greatest common divisor of 304 and a.
38
Let j = 81 - 77. What is the highest common factor of 36 and j?
4
Suppose 0 = -5*f - 3*r + 419, 2*f - 11*r + 6*r = 149. What is the greatest common divisor of f and 205?
41
Let m(o) = -o + 11. Let g be m(9). Suppose h = -z - g*h + 8, -4*h - 116 = -5*z. What is the greatest common divisor of 20 and z?
20
Let z(n) = 35*n - 2. Let y(w) = 1. Let b(c) = -3*y(c) - z(c). Let o be b(-3). Calculate the greatest common factor of o and 13.
13
Suppose a = -0*a - 4. Let r = 38 - a. Let i = 25 - 4. Calculate the greatest common factor of r and i.
21
Let z(c) = c - 4. Let w be z(6). What is the greatest common factor of w and 5?
1
Let w(h) = -h**3 - 3*h**2 + 7*h. Let k be w(-5). Suppose 40 = 9*s - 5*s. Calculate the highest common factor of s and k.
5
Suppose -2*u + 116 = 4*m + 2*u, -2*m - 3*u + 53 = 0. What is the highest common factor of 85 and m?
17
Suppose 0*f = f - 2. Calculate the greatest common factor of f and 8.
2
Suppose 2*k + k = 0. Suppose k = g - 4 - 4. What is the highest common factor of 8 and g?
8
Let n(q) = q - 7*q + q**2 - 3 + 6. Let o be n(6). Suppose 3*b + 7 = 4*b + o*u, 0 = -b - u + 9. Calculate the greatest common factor of b and 30.
10
Let l(i) = i**2 + 9*i + 15. Let t be l(-7). What is the greatest common divisor of t and 7?
1
Suppose -11*s + 15*s - 156 = 0. Calculate the highest common divisor of 195 and s.
39
Suppose -3*f - 4 = -4*a, -5*f + 24 = -0*a + a. Let g(u) = u**3 - 4*u**2 + 4*u - 6. Let i be g(a). Calculate the highest common factor of i and 50.
10
Let y = 47 + 7. What is the greatest common divisor of 36 and y?
18
Suppose t + v = 88, 3*t + 352 = 7*t - 4*v. Calculate the greatest common divisor of t and 8.
8
Let y = 15 - -89. Calculate the highest common factor of y and 13.
13
Let y be -1 - ((-15)/1 + 0). Suppose 5*z + 1175 = -5*b, z = -5*b + b - 925. Let h = -160 - b. Calculate the greatest common divisor of y and h.
14
Let k(a) = a**2 - 7*a + 9. Let t be k(6). Suppose -5*q - 471 = -10*q + b, -q + t*b = -83. What is the highest common factor of q and 19?
19
Let v = -13 + 27. Let f = 19 + 7. Suppose -s + 3*m = -0*m - f, 5*s = -2*m + 181. What is the highest common factor of v and s?
7
Suppose -88 = -m + 2*u, -6 + 4 = -u. What is the highest common factor of 23 and m?
23
Let f be 2 + 3*4/(-6). Suppose 0 = -f*y + 3*y + r - 43, 5*r + 10 = 0. Suppose -265 = -4*m - 85. What is the highest common divisor of y and m?
15
Let c(o) = o**2 + 6*o + 9. Let s be c(-6). Suppose 15 = -3*r, -5*g + 2 - 22 = 3*r. Let j be g/4 + 37/4. What is the highest common factor of s and j?
9
Suppose -44 = -3*f + 5*r + 33, 101 = 4*f - 5*r. Suppose 2*b - 97 = -25. What is the greatest common divisor of b and f?
12
Let p(w) = 27*w**3 - 5*w + 5. Let x be p(1). Let g(c) = -5*c + 2. Let q be g(-5). What is the highest common factor of q and x?
27
Let l(b) = 2*b**2 - 9*b + 3. Let p(q) = -q**2 - q + 1. Let d(x) = l(x) - 3*p(x). Let j be d(4). Calculate the greatest common factor of j and 7.
7
Let s = 68 - 58. What is the highest common factor of 40 and s?
10
Suppose -31*u + 30*u = -13. Calculate the greatest common factor of 143 and u.
13
Suppose 2*l - 3*l + 11 = -4*p, -25 = -2*l + 5*p. Suppose h = 2*h - l. Let f be 30*(3 - (2 - 0)). Calculate the greatest common divisor of f and h.
15
Let m(j) = -j**2 + 6*j + 3. Let r be m(7). Let y be (-845)/(-20) - (-1)/r. Calculate the highest common factor of 63 and y.
21
Suppose -t - t - 3*m - 14 = 0, 5*m + 15 = 5*t. Let f be (-3 - -6) + (0 - t). Let a be f/5*(-15)/(-6). Calculate the highest common divisor of 2 and a.
2
Suppose u = 5*u. Suppose -2*n + 3 = 4*k - 5, -3*k - 5*n - 8 = u. Let f be